{"id":119,"date":"2014-12-29T11:01:54","date_gmt":"2014-12-29T11:01:54","guid":{"rendered":"http:\/\/identityabloodyromance.com\/?page_id=119"},"modified":"2015-01-26T23:27:19","modified_gmt":"2015-01-26T23:27:19","slug":"presse","status":"publish","type":"page","link":"https:\/\/identityabloodyromance.com\/?page_id=119","title":{"rendered":"PRESSE"},"content":{"rendered":"<p><div class=\"videoContainer\"><iframe src=\"\/\/player.vimeo.com\/video\/113906450?title=0&amp;byline=0&amp;portrait=0&amp;color=ff9933\" width=\"500\" height=\"281\" frameborder=\"0\" webkitallowfullscreen mozallowfullscreen allowfullscreen><\/iframe><\/div><\/p>\n<p>&nbsp;<\/p>\n<p><div class=\"videoContainer\"><iframe src=\"\/\/player.vimeo.com\/video\/113907678?title=0&amp;byline=0&amp;portrait=0&amp;color=ff9933\" width=\"500\" height=\"281\" frameborder=\"0\" webkitallowfullscreen mozallowfullscreen allowfullscreen><\/iframe><\/div><\/p>\n<p> &nbsp;<\/p>\n<p><div class=\"videoContainer\"><iframe src=\"\/\/player.vimeo.com\/video\/114650535?title=0&amp;byline=0&amp;portrait=0&amp;color=ff9933\" width=\"500\" height=\"281\" frameborder=\"0\" webkitallowfullscreen mozallowfullscreen allowfullscreen><\/iframe><\/div><\/p>\n<p><a href=\"http:\/\/identityabloodyromance.com\/wp-content\/uploads\/2014\/12\/Bildschirmfoto-2014-03-05-um-11.04.26-300x173.png\"><img loading=\"lazy\" class=\"alignleft size-full wp-image-120\" src=\"http:\/\/identityabloodyromance.com\/wp-content\/uploads\/2014\/12\/Bildschirmfoto-2014-03-05-um-11.04.26-300x173.png\" alt=\"Bildschirmfoto-2014-03-05-um-11.04.26-300x173\" width=\"300\" height=\"173\" srcset=\"https:\/\/identityabloodyromance.com\/wp-content\/uploads\/2014\/12\/Bildschirmfoto-2014-03-05-um-11.04.26-300x173.png 300w, https:\/\/identityabloodyromance.com\/wp-content\/uploads\/2014\/12\/Bildschirmfoto-2014-03-05-um-11.04.26-300x173-220x127.png 220w\" sizes=\"(max-width: 300px) 100vw, 300px\" \/><\/a> <a href=\"http:\/\/identityabloodyromance.com\/wp-content\/uploads\/2014\/12\/Bildschirmfoto-2014-03-05-um-11.07.41-300x175.png\"><img loading=\"lazy\" class=\"alignleft size-full wp-image-121\" src=\"http:\/\/identityabloodyromance.com\/wp-content\/uploads\/2014\/12\/Bildschirmfoto-2014-03-05-um-11.07.41-300x175.png\" alt=\"Bildschirmfoto-2014-03-05-um-11.07.41-300x175\" width=\"300\" height=\"175\" srcset=\"https:\/\/identityabloodyromance.com\/wp-content\/uploads\/2014\/12\/Bildschirmfoto-2014-03-05-um-11.07.41-300x175.png 300w, https:\/\/identityabloodyromance.com\/wp-content\/uploads\/2014\/12\/Bildschirmfoto-2014-03-05-um-11.07.41-300x175-220x128.png 220w\" sizes=\"(max-width: 300px) 100vw, 300px\" \/><\/a><\/p>\n<p><strong style=\"line-height: 1.5;\"><strong>TV-Link:\u00a0\u00a0<\/strong><\/strong><a href=\"http:\/\/www.afrikakzent-tv.de\/identity-a-bloody-romance\/\">http:\/\/www.afrikakzent-tv.de\/identity-a-bloody-romance\/<\/a><\/p>\n<p><strong style=\"line-height: 1.5;\">Radio-Link:<\/strong><span style=\"line-height: 1.5;\">\u00a0<\/span><a style=\"line-height: 1.5;\" href=\"https:\/\/soundcloud.com\/alexradio\/afrikakzent-sendung-2014-02-20\">https:\/\/soundcloud.com\/alexradio\/afrikakzent-sendung-2014-02-20<\/a><\/p>\n<p><strong>Der Deutschlandfun<\/strong>k schrieb am 26.10.2013: \u00a0Das Multimedia-Theaterst\u00fcck \u201cIdentit\u00e4t \u2013 eine blutige Romanze\u201d des Berliner Regisseurs Jens Vilela Neumann vermischt fiktive Geschichten mit historischem Filmmaterial. Es greift Klischees und Vorurteile auf, die beide Seiten \u2013 Deutsche von Afrikanern, aber auch Afrikaner von Deutschen \u2013 h\u00e4ufig haben, kokettiert mit ihnen und spitzt sie bis zur Absurdit\u00e4t zu, sodass jeder \u00fcber sie lachen kann.\u00a0Am Premierenabend war der Saal gef\u00fcllt mit Hunderten Madgermanes. Die meisten waren begeistert und dankbar, dass ihre Geschichten endlich Geh\u00f6r finden.<\/p>\n<p style=\"text-align: justify;\"><strong>Living in MAPUTO<\/strong>\u00a0schrieb am 16 October 2013:\u00a0\u201e\u2026 Identitade \u2013 Um Romance Danado\u201d has its opening night scheduled for Friday the 18th and there ?s an exciting buzz surrounding the fast ap- proaching show night. In a quick interview, squeezed in before one of the last dress rehearsals, a bright eyed and enthused Jens Vilela Nuemann gave us the low down on theatre, acting and directing in Maputo.\u00a0His latest production \u201cIdentity \u2013 A Bloody Romance\u201d, follows various complex accounts, which explore German \u2013 Mozambican relations, dating back 100 years. Through a chronological collage, which differs from classical play structures, the stories of German entrepreneurs from the 1900s, the Magermans, and the children who came searching for their fathers, are told in an interactive, visual, theatre play\u2026\u201c<\/p>\n<p style=\"text-align: justify;\"><strong>3 Sat<\/strong>\u00a0schrieb am 08.11.2013:\u00a0\u201e\u2026 Die Klischees \u00fcber das Leben der \u201cMadgermans\u201d in Deutschland und ihre R\u00fcckkehr nach Mosambik werden auf der B\u00fchne humorvoll auf die Schippe genommen. Es ist die Geschichte ihrer Suche nach Identit\u00e4t. Und so ist das Theaterst\u00fcck f\u00fcr viele der \u201cMadgermans\u201d im Publikum eine Zeitreise mehr als 20 Jahre zur\u00fcck, als sie Unter- und \u00dcbertage in den Kombinaten und Betrieben der DDR gearbeitet haben, im Glauben an ein gutes Leben. Als sie zur\u00fcckgekehrt sind, ist der Begriff \u201cMadgerman\u201d ein Schimpfwort \u2013 heute tragen sie ihn mit Stolz. Und solange sie ihr Geld und ihr Recht nicht zur\u00fcckbekommen, werden sie weiter marschieren, jeden Mittwoch um 11 Uhr, durch Maputo.\u201c<\/p>\n<p>&nbsp;<\/p>\n","protected":false},"excerpt":{"rendered":"<p>&nbsp; &nbsp; TV-Link:\u00a0\u00a0http:\/\/www.afrikakzent-tv.de\/identity-a-bloody-romance\/ Radio-Link:\u00a0https:\/\/soundcloud.com\/alexradio\/afrikakzent-sendung-2014-02-20 Der Deutschlandfunk schrieb am 26.10.2013: \u00a0Das Multimedia-Theaterst\u00fcck \u201cIdentit\u00e4t \u2013 eine blutige Romanze\u201d des Berliner Regisseurs Jens Vilela Neumann vermischt fiktive Geschichten mit historischem Filmmaterial. Es greift Klischees und Vorurteile auf, die beide Seiten \u2013 Deutsche von Afrikanern, aber auch Afrikaner von Deutschen \u2013 h\u00e4ufig haben, kokettiert mit ihnen und spitzt sie [&hellip;]<\/p>\n","protected":false},"author":1,"featured_media":0,"parent":0,"menu_order":0,"comment_status":"closed","ping_status":"open","template":"","meta":[],"_links":{"self":[{"href":"https:\/\/identityabloodyromance.com\/index.php?rest_route=\/wp\/v2\/pages\/119"}],"collection":[{"href":"https:\/\/identityabloodyromance.com\/index.php?rest_route=\/wp\/v2\/pages"}],"about":[{"href":"https:\/\/identityabloodyromance.com\/index.php?rest_route=\/wp\/v2\/types\/page"}],"author":[{"embeddable":true,"href":"https:\/\/identityabloodyromance.com\/index.php?rest_route=\/wp\/v2\/users\/1"}],"replies":[{"embeddable":true,"href":"https:\/\/identityabloodyromance.com\/index.php?rest_route=%2Fwp%2Fv2%2Fcomments&post=119"}],"version-history":[{"count":2,"href":"https:\/\/identityabloodyromance.com\/index.php?rest_route=\/wp\/v2\/pages\/119\/revisions"}],"predecessor-version":[{"id":331,"href":"https:\/\/identityabloodyromance.com\/index.php?rest_route=\/wp\/v2\/pages\/119\/revisions\/331"}],"wp:attachment":[{"href":"https:\/\/identityabloodyromance.com\/index.php?rest_route=%2Fwp%2Fv2%2Fmedia&parent=119"}],"curies":[{"name":"wp","href":"https:\/\/api.w.org\/{rel}","templated":true}]}}